{"id":223,"date":"2025-02-03T12:55:56","date_gmt":"2025-02-03T11:55:56","guid":{"rendered":"https:\/\/senpagamassage.fr\/?page_id=223"},"modified":"2026-03-17T13:43:13","modified_gmt":"2026-03-17T12:43:13","slug":"offre","status":"publish","type":"page","link":"https:\/\/senpagamassage.fr\/index.php\/offre\/","title":{"rendered":"Offre du moment"},"content":{"rendered":"<p><strong><em>Retrouver sur cette page les offres du moment, les id\u00e9es cadeaux ou nouveaut\u00e9!<\/em><\/strong><\/p>\n<figure id=\"attachment_555\" aria-describedby=\"caption-attachment-555\" style=\"width: 531px\" class=\"wp-caption alignnone\"><img loading=\"lazy\" decoding=\"async\" class=\" wp-image-555\" src=\"https:\/\/senpagamassage.fr\/wp-content\/uploads\/2026\/02\/massage-vissage-relaxant-bien-etre-et-cranien-Langon-PNG-576x1024.png\" alt=\"\" width=\"531\" height=\"944\" srcset=\"https:\/\/senpagamassage.fr\/wp-content\/uploads\/2026\/02\/massage-vissage-relaxant-bien-etre-et-cranien-Langon-PNG-576x1024.png 576w, https:\/\/senpagamassage.fr\/wp-content\/uploads\/2026\/02\/massage-vissage-relaxant-bien-etre-et-cranien-Langon-PNG-169x300.png 169w, https:\/\/senpagamassage.fr\/wp-content\/uploads\/2026\/02\/massage-vissage-relaxant-bien-etre-et-cranien-Langon-PNG-768x1365.png 768w, https:\/\/senpagamassage.fr\/wp-content\/uploads\/2026\/02\/massage-vissage-relaxant-bien-etre-et-cranien-Langon-PNG-864x1536.png 864w, https:\/\/senpagamassage.fr\/wp-content\/uploads\/2026\/02\/massage-vissage-relaxant-bien-etre-et-cranien-Langon-PNG.png 1080w\" sizes=\"auto, (max-width: 531px) 100vw, 531px\" \/><figcaption id=\"caption-attachment-555\" class=\"wp-caption-text\">Un massage relaxant du visage et du cuir chevelu pour un l\u00e2cher-prise imm\u00e9diat et un profond bien-\u00eatre.<\/figcaption><\/figure>\n<p>&nbsp;<\/p>\n<p>&nbsp;<\/p>\n<p><strong>\u00a0<\/strong><\/p>\n<p>&nbsp;<\/p>\n<p>&nbsp;<\/p>\n<p>&nbsp;<\/p>\n","protected":false},"excerpt":{"rendered":"<p>Retrouver sur cette page les offres du moment, les id\u00e9es cadeaux ou nouveaut\u00e9! &nbsp; &nbsp; \u00a0 &nbsp; &nbsp; &nbsp;<\/p>\n","protected":false},"author":1,"featured_media":0,"parent":0,"menu_order":0,"comment_status":"closed","ping_status":"closed","template":"","meta":{"footnotes":""},"class_list":["post-223","page","type-page","status-publish","hentry"],"_links":{"self":[{"href":"https:\/\/senpagamassage.fr\/index.php\/wp-json\/wp\/v2\/pages\/223","targetHints":{"allow":["GET"]}}],"collection":[{"href":"https:\/\/senpagamassage.fr\/index.php\/wp-json\/wp\/v2\/pages"}],"about":[{"href":"https:\/\/senpagamassage.fr\/index.php\/wp-json\/wp\/v2\/types\/page"}],"author":[{"embeddable":true,"href":"https:\/\/senpagamassage.fr\/index.php\/wp-json\/wp\/v2\/users\/1"}],"replies":[{"embeddable":true,"href":"https:\/\/senpagamassage.fr\/index.php\/wp-json\/wp\/v2\/comments?post=223"}],"version-history":[{"count":48,"href":"https:\/\/senpagamassage.fr\/index.php\/wp-json\/wp\/v2\/pages\/223\/revisions"}],"predecessor-version":[{"id":565,"href":"https:\/\/senpagamassage.fr\/index.php\/wp-json\/wp\/v2\/pages\/223\/revisions\/565"}],"wp:attachment":[{"href":"https:\/\/senpagamassage.fr\/index.php\/wp-json\/wp\/v2\/media?parent=223"}],"curies":[{"name":"wp","href":"https:\/\/api.w.org\/{rel}","templated":true}]}}