{"id":81,"date":"2024-03-01T11:44:23","date_gmt":"2024-03-01T10:44:23","guid":{"rendered":"https:\/\/senpagamassage.fr\/?page_id=81"},"modified":"2024-03-06T19:24:43","modified_gmt":"2024-03-06T18:24:43","slug":"les-bienfaits","status":"publish","type":"page","link":"https:\/\/senpagamassage.fr\/index.php\/canva-test\/les-bienfaits\/","title":{"rendered":"Les bienfaits"},"content":{"rendered":"<h1><span class=\"OYPEnA text-decoration-none text-strikethrough-none\">Les bienfaits d\u2019un massage bien-\u00eatre sur le plan : Psychologique, physiologique et physique<\/span><\/h1>\n<p class=\"cvGsUA direction-ltr align-start para-style-body\"><strong><span class=\"OYPEnA text-decoration-none text-strikethrough-none\">Il stimule la production de diff\u00e9rentes hormones et m\u00e9diateurs chimique: l<\/span><span class=\"OYPEnA text-decoration-none text-strikethrough-none\">&lsquo;endorphine, dopamine, ocytocine, s\u00e9rotonine, antalgique&#8230;<\/span><\/strong><\/p>\n<ul>\n<li><strong>Physiologique<\/strong><\/li>\n<\/ul>\n<p><span class=\"OYPEnA text-decoration-none text-strikethrough-none\">Stimule l&rsquo;organisme, \u00e9vacuation des d\u00e9chets organiques, active la circulation sanguine, active le syst\u00e8me lymphatique et la lib\u00e9ration des d\u00e9chets musculaires, calme le syst\u00e8me nerveux central, peu r\u00e9guler la tension art\u00e9rielle agissent sur le syst\u00e8me cardio &#8211; vasculaire etc&#8230;<\/span><\/p>\n<ul>\n<li><strong>Psychologique\u00a0<\/strong><\/li>\n<\/ul>\n<p><span class=\"OYPEnA text-decoration-none text-strikethrough-none\">Le massage en bien-\u00eatre permet le rel\u00e2chement des tensions nerveuses, mental, \u00e9motionnel, elle permet de combattre le stress et l\u2019anxi\u00e9t\u00e9. Il renforce le sentiment d&rsquo;estime de soi. il apporte une sensation de bien-\u00eatre.<\/span><\/p>\n<ul>\n<li><strong>Sur le plan physique\u00a0<\/strong><\/li>\n<\/ul>\n<p><span class=\"OYPEnA text-decoration-none text-strikethrough-none\">Il permet le rel\u00e2chement des tensions musculaires, raffermies et tonifie les muscles, il assouplies et tonifie la peau, attenue certaines douleurs musculaires, permet un \u00e9chauffement des muscles avant un effort.<\/span><\/p>\n","protected":false},"excerpt":{"rendered":"<p>Les bienfaits d\u2019un massage bien-\u00eatre sur le plan : Psychologique, physiologique et physique Il stimule la production de diff\u00e9rentes hormones et m\u00e9diateurs chimique: l&lsquo;endorphine, dopamine, ocytocine, s\u00e9rotonine, antalgique&#8230; Physiologique Stimule &hellip; <\/p>\n","protected":false},"author":1,"featured_media":0,"parent":40,"menu_order":0,"comment_status":"closed","ping_status":"closed","template":"","meta":{"footnotes":""},"class_list":["post-81","page","type-page","status-publish","hentry"],"_links":{"self":[{"href":"https:\/\/senpagamassage.fr\/index.php\/wp-json\/wp\/v2\/pages\/81","targetHints":{"allow":["GET"]}}],"collection":[{"href":"https:\/\/senpagamassage.fr\/index.php\/wp-json\/wp\/v2\/pages"}],"about":[{"href":"https:\/\/senpagamassage.fr\/index.php\/wp-json\/wp\/v2\/types\/page"}],"author":[{"embeddable":true,"href":"https:\/\/senpagamassage.fr\/index.php\/wp-json\/wp\/v2\/users\/1"}],"replies":[{"embeddable":true,"href":"https:\/\/senpagamassage.fr\/index.php\/wp-json\/wp\/v2\/comments?post=81"}],"version-history":[{"count":3,"href":"https:\/\/senpagamassage.fr\/index.php\/wp-json\/wp\/v2\/pages\/81\/revisions"}],"predecessor-version":[{"id":141,"href":"https:\/\/senpagamassage.fr\/index.php\/wp-json\/wp\/v2\/pages\/81\/revisions\/141"}],"up":[{"embeddable":true,"href":"https:\/\/senpagamassage.fr\/index.php\/wp-json\/wp\/v2\/pages\/40"}],"wp:attachment":[{"href":"https:\/\/senpagamassage.fr\/index.php\/wp-json\/wp\/v2\/media?parent=81"}],"curies":[{"name":"wp","href":"https:\/\/api.w.org\/{rel}","templated":true}]}}